{"id":36,"date":"2024-11-27T16:15:54","date_gmt":"2024-11-27T16:15:54","guid":{"rendered":"https:\/\/b27.joaolamares.com\/?page_id=36"},"modified":"2024-11-28T12:08:37","modified_gmt":"2024-11-28T12:08:37","slug":"el-equipo","status":"publish","type":"page","link":"https:\/\/b27.joaolamares.com\/es\/index.php\/el-equipo\/","title":{"rendered":"El Equipo"},"content":{"rendered":"\n<h3 class=\"wp-block-heading western\"><strong>Jo\u00e3o Lamares<\/strong><\/h3>\n\n\n\n<p>Nacido en Oporto en septiembre de 1963, tiene actualmente 61 a\u00f1os. Tiene un m\u00e1ster en Entrenamiento Deportivo de Alto Rendimiento por la Universidad de Oporto y trabaj\u00f3 como entrenador de nataci\u00f3n en la d\u00e9cada de 1990.<\/p>\n\n\n\n<p>Fue responsable de la comunicaci\u00f3n de tres atletas de pirag\u00fcismo en el periodo previo a los Juegos Ol\u00edmpicos de Sydney 2000.<\/p>\n\n\n\n<p>Fue profesor de educaci\u00f3n f\u00edsica en primaria y secundaria hasta 2012.<\/p>\n\n\n\n<p>Trabaja como fot\u00f3grafo desde 1998.<\/p>\n\n\n\n<p>Hoy es responsable de comunicaci\u00f3n del Grupo Escolar Aquilino Ribeiro, en Oeiras. Trabaja como fot\u00f3grafo para la revista Sekreta y con la Junta Parroquial de Cascais-Estoril.<\/p>\n\n\n\n<hr class=\"wp-block-separator has-alpha-channel-opacity\"\/>\n\n\n\n<h3 class=\"wp-block-heading\"><strong>Nicolas Marcial Negr\u00e3o<\/strong><\/h3>\n\n\n\n<p>Nacido en Brasilia en 1985, tiene ahora 39 a\u00f1os.<\/p>\n\n\n\n<p>Tiene un m\u00e1ster en Ejercicio y Bienestar por la Universidad Lus\u00f3fona, un posgrado en Ergonom\u00eda por la Universidad Federal de Pernambuco y es bikefitter certificado por Ret\u00fcl.<\/p>\n\n\n\n<p>Trabaj\u00f3 como erg\u00f3nomo y montador hasta 2019, cuando se traslad\u00f3 a Portugal, donde comenz\u00f3 a trabajar como mec\u00e1nico de bicicletas, inicialmente en Lisbon Bike Rentals y actualmente en Bike Zone.<\/p>\n\n\n\n<p>Apasionado del ciclismo y entusiasta de los retos, en su curr\u00edculum figura la participaci\u00f3n en el Desaf\u00edo Internacional Arapiraca y en la carrera de BTT Desgarrados.<\/p>\n\n\n\n<p>Est\u00e1 considerado por el p\u00fablico como uno de los mejores mec\u00e1nicos de la zona de Lisboa\/Cascais, lo que revela una necesidad insaciable de mejorar sus conocimientos t\u00e9cnicos y prestar los mejores servicios a los clientes.<\/p>\n\n\n\n<p class=\"western\">Su sue\u00f1o es recorrer alg\u00fan d\u00eda el Himalaya en bicicleta.<\/p>\n\n\n\n<p><\/p>\n","protected":false},"excerpt":{"rendered":"<p>Jo\u00e3o Lamares Nacido en Oporto en septiembre de 1963, tiene actualmente 61 a\u00f1os. Tiene un m\u00e1ster en Entrenamiento Deportivo de Alto Rendimiento por la Universidad de Oporto y trabaj\u00f3 como entrenador de nataci\u00f3n en la d\u00e9cada de 1990. Fue responsable de la comunicaci\u00f3n de tres atletas de pirag\u00fcismo en el periodo previo a los Juegos [&hellip;]<\/p>\n","protected":false},"author":1,"featured_media":17,"parent":0,"menu_order":0,"comment_status":"closed","ping_status":"closed","template":"page-wide","meta":{"footnotes":""},"class_list":["post-36","page","type-page","status-publish","has-post-thumbnail","hentry"],"_links":{"self":[{"href":"https:\/\/b27.joaolamares.com\/es\/index.php\/wp-json\/wp\/v2\/pages\/36","targetHints":{"allow":["GET"]}}],"collection":[{"href":"https:\/\/b27.joaolamares.com\/es\/index.php\/wp-json\/wp\/v2\/pages"}],"about":[{"href":"https:\/\/b27.joaolamares.com\/es\/index.php\/wp-json\/wp\/v2\/types\/page"}],"author":[{"embeddable":true,"href":"https:\/\/b27.joaolamares.com\/es\/index.php\/wp-json\/wp\/v2\/users\/1"}],"replies":[{"embeddable":true,"href":"https:\/\/b27.joaolamares.com\/es\/index.php\/wp-json\/wp\/v2\/comments?post=36"}],"version-history":[{"count":14,"href":"https:\/\/b27.joaolamares.com\/es\/index.php\/wp-json\/wp\/v2\/pages\/36\/revisions"}],"predecessor-version":[{"id":188,"href":"https:\/\/b27.joaolamares.com\/es\/index.php\/wp-json\/wp\/v2\/pages\/36\/revisions\/188"}],"wp:featuredmedia":[{"embeddable":true,"href":"https:\/\/b27.joaolamares.com\/es\/index.php\/wp-json\/wp\/v2\/media\/17"}],"wp:attachment":[{"href":"https:\/\/b27.joaolamares.com\/es\/index.php\/wp-json\/wp\/v2\/media?parent=36"}],"curies":[{"name":"wp","href":"https:\/\/api.w.org\/{rel}","templated":true}]}}

<h3 class="wp-block-heading western"><strong>João Lamares</strong></h3>



<p>Nacido en Oporto en septiembre de 1963, tiene actualmente 61 años. Tiene un máster en Entrenamiento Deportivo de Alto Rendimiento por la Universidad de Oporto y trabajó como entrenador de natación en la década de 1990.</p>



<p>Fue responsable de la comunicación de tres atletas de piragüismo en el periodo previo a los Juegos Olímpicos de Sydney 2000.</p>



<p>Fue profesor de educación física en primaria y secundaria hasta 2012.</p>



<p>Trabaja como fotógrafo desde 1998.</p>



<p>Hoy es responsable de comunicación del Grupo Escolar Aquilino Ribeiro, en Oeiras. Trabaja como fotógrafo para la revista Sekreta y con la Junta Parroquial de Cascais-Estoril.</p>



<hr class="wp-block-separator has-alpha-channel-opacity"/>



<h3 class="wp-block-heading"><strong>Nicolas Marcial Negrão</strong></h3>



<p>Nacido en Brasilia en 1985, tiene ahora 39 años.</p>



<p>Tiene un máster en Ejercicio y Bienestar por la Universidad Lusófona, un posgrado en Ergonomía por la Universidad Federal de Pernambuco y es bikefitter certificado por Retül.</p>



<p>Trabajó como ergónomo y montador hasta 2019, cuando se trasladó a Portugal, donde comenzó a trabajar como mecánico de bicicletas, inicialmente en Lisbon Bike Rentals y actualmente en Bike Zone.</p>



<p>Apasionado del ciclismo y entusiasta de los retos, en su currículum figura la participación en el Desafío Internacional Arapiraca y en la carrera de BTT Desgarrados.</p>



<p>Está considerado por el público como uno de los mejores mecánicos de la zona de Lisboa/Cascais, lo que revela una necesidad insaciable de mejorar sus conocimientos técnicos y prestar los mejores servicios a los clientes.</p>



<p class="western">Su sueño es recorrer algún día el Himalaya en bicicleta.</p>



<p></p>

<p>João Lamares Nacido en Oporto en septiembre de 1963, tiene actualmente 61 años. Tiene un máster en Entrenamiento Deportivo de Alto Rendimiento por la Universidad de Oporto y trabajó como entrenador de natación en la década de 1990. Fue responsable de la comunicación de tres atletas de piragüismo en el periodo previo a los Juegos [&hellip;]</p>
